- 3*a**2/2 - 16*a. Determine u(5).
7
Let b(v) = 2*v + 11. Let z(y) = 2*y + 12. Let a(j) = -6*b(j) + 5*z(j). What is a(-4)?
2
Suppose n = -3*s - 31, 6*s + 3*n + 13 = 5*s. Let t be (s/20)/(2/8). Let j(l) = -3*l**2 - l + 2. Calculate j(t).
-8
Let r(u) = -u**2 + u. Let v be (-1 - 0) + (-1)/(-1). Suppose v = 7*q - 8*q. Give r(q).
0
Let n(h) be the first derivative of h**3/2 + 3*h + 2. Let x(c) be the first derivative of n(c). Give x(-2).
-6
Let j(h) = -h**2 + 5*h - 2. Suppose 5*w = -2*z + 2, 0 = -0*w + 2*w. Let i(y) = 5 - 2 + z + 7*y - y**2. Let t be i(7). Give j(t).
2
Let r(l) be the first derivative of -8/3*l**3 + 8*l - 1/4*l**4 - 3 - 5/2*l**2. Let k be (2 + 5)*(-2)/2. What is r(k)?
-6
Suppose -2*l - 2*m = -5*l + 17, 4*l - 2*m - 20 = 0. Let g(v) = 7*v - 12. Let o(x) = 10*x - 18. Let z(p) = -7*g(p) + 5*o(p). Determine z(l).
-3
Let v(y) = y**3 + y**2 - 2*y - 4. Let c(n) = n**2 - 9*n + 15. Let g be c(6). What is v(g)?
-16
Let x(r) = r**2 - r - 2. Suppose a + 9 = 4*f - 10, 0 = 2*f - 2*a - 14. Suppose 18 - 6 = -f*q + 5*j, -4*j = -16. Determine x(q).
0
Let b(x) = 3*x + 1 - 4 + x**2 - x**3 + 0*x**3 + 2*x**2. Suppose 7*y = 5*y + 6. Determine b(y).
6
Let j(o) = 2*o - 7. Let d(g) = 4*g - 15. Let w(r) = -4*d(r) + 9*j(r). Calculate w(-4).
-11
Let g(a) = a**2 - 6*a + 1. Let h(p) = -2*p - 4. Let y be h(-5). Let l be g(y). Let f(m) = 6*m**2 - m + 1. Determine f(l).
6
Suppose i - 4*i = -6. Suppose 0 = -i*d - 3*d + 5*s + 30, -2*d + 4*s = -4. Let w be 4/(-10) - 16/d. Let r(t) = -t**3 - 3*t**2 + 2*t + 3. What is r(w)?
-5
Let h(z) = -z**3 - z**2 - 1. Let p(s) = 5*s**3 + 7*s**2 - s - 2. Let u(j) = 6*h(j) + p(j). Determine u(0).
-8
Let c be 0 + 1 - (1 + -3). Suppose 3*f + 5*s = -f + 12, -6 = -2*f + 2*s. Let a(d) = 1 + f - 3*d - 3. Determine a(c).
-8
Let d(m) = -2*m**2 - 3*m + 2. Suppose 3*a = 2*j - a - 18, a + 22 = 4*j. Suppose -c - 2*c = -21. Suppose c = -4*z - j. Give d(z).
-7
Let f(l) be the second derivative of -5*l**4/12 + l**3/6 + l**2/2 + 19*l. Calculate f(-1).
-5
Let a(i) = i**2 + i + 4. Let k be a(0). Let p(u) = 0*u + 3 + u**3 + 5*u - k*u - 2. Determine p(-2).
-9
Let u(k) = 2 - 2*k**2 + 7*k**2 - 3*k**2 + 3*k**3 - 3. Calculate u(1).
4
Let j(w) = 3*w + 1. Let f(x) = 4*x + 1. Let m(u) = -4*f(u) + 5*j(u). Calculate m(-5).
6
Let l(q) = -q**2 - 9*q - 9. Let r = -16 - -18. Suppose z + 13 = -4*i - 1, 16 = -2*z - r*i. Calculate l(z).
9
Let z(u) = -2*u**2 - 2*u + 1. Suppose 0 = 5*i + 4 + 6. Give z(i).
-3
Let j(y) = 17*y + 1. Suppose 7*b + 2 = -5. Calculate j(b).
-16
Let w be 4/(-3)*(-36)/8. Suppose 2 = 2*s, 0*f = f - 4*s + w. Let v(n) = 3 + 0 - 4 + 1430*n**2 + 2*n - 1428*n**2. Calculate v(f).
3
Suppose 28 = -7*f - 21. Let w(n) = -n**3 - 6*n**2 + 7*n - 5. What is w(f)?
-5
Suppose 2*z = -z + 36. Let n = 76 + -72. Suppose -z = n*q - q. Let k(v) = v**3 + 4*v**2 - v + 5. Give k(q).
9
Let c(n) be the first derivative of -2*n**3/3 + 3*n**2/2 - 3*n - 24. Calculate c(2).
-5
Let h(r) = 5*r**3 + 7*r**2 - 11*r + 4. Let w(n) = 2*n**3 + 2*n**2 - 4*n + 1. Let k(o) = -3*h(o) + 8*w(o). Calculate k(4).
-16
Let z(r) = -r**3 + 5*r**2 - 2*r - 4. Let g be z(4). Suppose -2 = 5*i - u + 9, g*i - u + 9 = 0. Let s(c) = 2*c - 1. Determine s(i).
-5
Suppose -21*p = -16*p - 15. Let f(q) = -q**3 + 4*q**2 - q - 3. Determine f(p).
3
Let s = 6 + -4. Suppose -6 = -0*j + s*j. Let g(a) = -11*a**2 - 6*a + 1. Let u(r) = -5*r**2 - 3*r. Let i(w) = 4*g(w) - 9*u(w). What is i(j)?
4
Let n(s) = -s**3 + 3*s**2 - s + 4. Let k be n(3). Let i(r) be the second derivative of 0*r**4 - 3*r + 0 + 0*r**3 - 1/5*r**5 + 0*r**2. Determine i(k).
-4
Let d(n) = n - 4. Let h be (1 + -1)/(-1) + -8. Let y(u) = -u**3 - 9*u**2 - 8*u - 3. Let m be y(h). What is d(m)?
-7
Let p(m) = m**3 - 4*m**2 + 2*m - 2. Suppose -5*n + 2*i = -25, 0*n + 3*i + 6 = -3*n. Calculate p(n).
-5
Suppose 0 = 2*c - 10 + 4. Let t(w) = 0 - w**3 + 4 - 3 + w - c + 3*w**2. What is t(3)?
1
Let t(j) be the first derivative of -j**2/2 - 15*j + 5. Determine t(-7).
-8
Let s be ((-6)/(-4))/((-21)/56). Let p(f) be the first derivative of f**4/4 + 4*f**3/3 - f**2/2 - 5*f - 2. What is p(s)?
-1
Let z(d) = d**2 + d - 2. Suppose 0 + 4 = 2*i. What is z(i)?
4
Let b(g) = 3*g**3 + g + 3. Let v(c) = -16*c**3 - 5*c - 15. Let j(w) = 11*b(w) + 2*v(w). Let q be j(0). Let a(n) = -3*n + 5*n - n. What is a(q)?
3
Let n(w) = w - 3. Suppose -h + 0 = -3. Let m = 7 - h. Let a be n(m). Let r(g) = -6*g**2 - g. What is r(a)?
-7
Let h(p) = -3*p - 1. Let u(g) = -2*g. Let a(t) = 5*h(t) - 6*u(t). Determine a(-5).
10
Let b be (4/2)/(-2) + 0. Let y(z) be the second derivative of -z**4/3 - z**3/6 - z**2/2 + z. Give y(b).
-4
Let q = -136 - -137. Let i(x) = 6*x**2 + 1. What is i(q)?
7
Let n be (-3 + 2)/(2/12). Let w(u) = -u**2 - 7*u - 9. Let b be w(n). Let z(f) = -2*f - 3. What is z(b)?
3
Let d(n) = -2 - 11*n**2 + 27*n**2 - n**3 - 7*n**2. What is d(9)?
-2
Let l(w) be the third derivative of w**7/5040 + w**6/120 - w**5/20 - w**2. Let u(k) be the third derivative of l(k). Calculate u(-5).
1
Let z(p) be the first derivative of 1/4*p**4 + 1 + 4/3*p**3 + 5/2*p**2 + 4*p. Determine z(-3).
-2
Let y be 1*((-2 - -4) + 1). Let g(u) be the third derivative of u**6/120 - u**5/30 - u**4/8 + u**3/6 + 21*u**2. Give g(y).
1
Let h(s) = s - 6. Let d(l) = l**3 - 10*l**2 - l + 16. Let f be d(10). What is h(f)?
0
Suppose 10 = 5*r - 5*q, 4*q + q = -2*r - 24. Let d be 18/(-14) - r/7. Let a(i) be the second derivative of -i**3/6 - i**2 + i. What is a(d)?
-1
Let t(l) = 3*l + 3*l - 3*l**2 - 8 + 6*l. Let u(h) = -4*h**2 + 18*h - 12. Let g(c) = 7*t(c) - 5*u(c). What is g(-6)?
4
Let u(b) be the third derivative of -b**4/12 - b**3/6 - 5*b**2. Calculate u(-1).
1
Suppose 3*r = -4*s - 1 + 12, s - 1 = r. Let v(c) = 5*c**2 - 4*c**2 - 4*c**3 + 0*c**3. Give v(r).
-3
Let o(h) = 3*h**3 - 9*h**2 + 4*h + 6. Let s(n) = -n**3 + n**2 + n - 1. Let f(j) = -o(j) - 2*s(j). Suppose -3*b + 8 = -10. What is f(b)?
-4
Let f(w) = -12 - 4*w**2 + 5*w**2 + 10 - w. Give f(0).
-2
Let t(d) = 3*d - 4. Let v be t(3). Let z(f) = -f**3 + f**2 - f. Let x(i) = i**3 + 2*i**2 + 7*i + 2. Let p(k) = x(k) + 2*z(k). What is p(v)?
2
Let f(g) = g**2 - 4*g + 3. Let w be f(3). Let o be (2 + 2)/2 + w. Let d(j) be the second derivative of j**5/10 - j**4/6 - j**3/3 - 2*j. Calculate d(o).
4
Suppose 5*z = 3*z + 6, 0 = 5*o - 5*z + 45. Let s(p) = -p**3 - 5*p**2 + 6*p + 9. Give s(o).
9
Let z = -13 - -15. Suppose 2*b + z = b. Let p(a) = -a**2 - a + 0 - 2*a - 1. Calculate p(b).
1
Let w(q) = q - 2. Let n be w(8). Let o(p) = 3*p + 1. Let j(l) be the first derivative of -3*l**2 - 2*l - 1. Let k(c) = n*j(c) + 13*o(c). Give k(-1).
-2
Let w(h) = h**2 + 3*h + 2. Let j = -11 - -7. Give w(j).
6
Let p(t) = -t**3 - 2*t + 11*t - 6*t + 2*t**3 - 5 - 5*t**2. Give p(5).
10
Let v = -17 - -5. Let g = v - -7. Let t = g - -8. Let z(i) = -i**3 + 3*i**2 + 2*i - 2. Give z(t).
4
Let i = 33 + -27. Suppose -n + 2 = i, -18 = -a + 4*n. Let y(w) = -4*w + 1. Give y(a).
-7
Let z(g) = -4*g - 85. Let x be z(-23). Let k(b) = b**3 - 8*b**2 + 6*b + 2. Determine k(x).
-5
Let o(t) = t + 5*t**2 - 1 - 3 + 3. Let v be 3/1 + 2*-1. What is o(v)?
5
Let w(n) = -n**3 + 12*n**2 - 11*n - 6. Let h(k) = k**3 + 11*k**2 + 11. Let j be h(-11). Calculate w(j).
-6
Let x(o) = 7*o**2 + 11*o - 5. Let v(w) = w**2 + w - 1. Let z(c) = -6*v(c) + x(c). Let h be (-1 - 1*(-9)/(-3))*1. Calculate z(h).
-3
Let c(p) = -4*p - 7. Let y(i) = 2*i**2 + 10*i + 2*i**2 - 11 - 5*i**2. Let j be y(9). Let z(s) = 17*s + 28. Let a(x) = j*z(x) - 9*c(x). Give a(-5).
-3
Let y(d) = 10*d**2 - 18*d + 3. Let t(k) = 7*k**2 - 12*k + 2. Let i(g) = 7*t(g) - 5*y(g). Determine i(3).
8
Let u(j) be the second derivative of -3/2*j**2 + 0 + 1/2*j**3 - 2*j. Determine u(2).
3
Let u(o) be the first derivative of 3*o**2/2 - o - 42. What is u(4)?
11
Suppose -k - 3*k - 5*b - 13 = 0, 8 = k - b. Let x(q) = 5*q**3 + 6*q**3 - 6*q**k. Calculate x(1).
5
Let j(l) = l**2 - l + 1. Let c(x) = -4*x**2 + 7*x - 2. Let p(m) = -c(m) - 5*j(m). What is p(-2)?
-3
Let h = 3 + 2. Let v(o) be the first derivative of -o**2/2 + 5*o + 2. Calculate v(h).
0
Let c(p) = -2*p + 108526 - 4*p**2 - 108526 - p**3. Suppose o = 4, f - 5*o + 14 = 3*f. What is c(f)?
-3
Let f(r) = -r - 4. Let i(z) = -z**2 - 6*z + 3. Let a be i(-7). Determine f(a).
0
Let m(w) = w**2 + 6*w - 6. Let s = -12 - -7. Calculate m(s).
-11
Suppose 7*r - 6*